{"id":1565,"date":"2022-03-06T12:54:09","date_gmt":"2022-03-06T11:54:09","guid":{"rendered":"https:\/\/www.hebammestrobel.de\/?page_id=1565"},"modified":"2022-03-13T15:05:00","modified_gmt":"2022-03-13T14:05:00","slug":"impressum","status":"publish","type":"page","link":"https:\/\/hebammestrobel.de\/?page_id=1565","title":{"rendered":"Impressum"},"content":{"rendered":"<section class=\"l-section wpb_row height_large\" id=\"impressum\"><div class=\"l-section-h i-cf\"><div class=\"g-cols vc_row via_grid cols_1 laptops-cols_inherit tablets-cols_inherit mobiles-cols_1 valign_top type_default stacking_default\"><div class=\"wpb_column vc_column_container\"><div class=\"vc_column-inner\"><div class=\"wpb_text_column\"><div class=\"wpb_wrapper\"><p><strong><u>Impressum<\/u><\/strong><\/p>\n<p><strong>Angaben gem\u00e4\u00df \u00a7 5 TMG:<\/strong><\/p>\n<p><strong>Christine Strobel<\/strong><\/p>\n<p><strong>Hebamme<\/strong><\/p>\n<p><strong>Vogelsangstr.27<\/strong><\/p>\n<p><strong>75417 M\u00fchlacker- Lomersheim<\/strong><\/p>\n<p>&nbsp;<\/p>\n<p><u>Kontakt:<\/u><\/p>\n<p><strong><u>E-Mail:\u00a0<\/u><\/strong><a href=\"mailto:tine-strobel@web.de\"><strong>tine-strobel@web.de<\/strong><\/a><\/p>\n<p><strong><u>Telefon: 07041\/810723<\/u><\/strong><\/p>\n<p><u>Aufsichtsbeh\u00f6rde:<\/u><\/p>\n<p><strong>Gesundheitsamt Pforzheim<\/strong><\/p>\n<p><strong>Berufsbezeichnung: Hebamme<\/strong><\/p>\n<p><strong>Verliehen durch: Bundesrepublik Deutschland<\/strong><\/p>\n<p><strong>Es gelten folgende berufsrechtliche Regelungen: Hebammengesetz<\/strong><\/p>\n<p><strong>Regelungen einsehbar unter:\u00a0<\/strong><a href=\"http:\/\/www.hebammengesetz.de\/gesetz.htm\"><strong>http:\/\/www.hebammengesetz.de\/gesetz.htm<\/strong><\/a><\/p>\n<p>&nbsp;<\/p>\n<p>&nbsp;<\/p>\n<p>Haftungsausschluss:<\/p>\n<p><strong>Die Inhalte\u00a0meiner Seiten wurden mit gr\u00f6\u00dfter Sorgfalt erstellt. F\u00fcr die Richtigkeit, Vollst\u00e4ndigkeit und Aktualit\u00e4t der Inhalte\u00a0kann ich\u00a0jedoch keine Gew\u00e4hr \u00fcbernehmen. Als Diensteanbieter\u00a0bin ich\u00a0gem\u00e4\u00df \u00a7 7 Abs.1 TMG f\u00fcr eigene Inhalte auf diesen Seiten nach den allgemeinen Gesetzen verantwortlich. Nach \u00a7\u00a7 8 bis 10 TMG\u00a0bin ich\u00a0als Diensteanbieter jedoch nicht verpflichtet, \u00fcbermittelte oder gespeicherte fremde Informationen zu \u00fcberwachen oder nach Umst\u00e4nden zu forschen, die auf eine rechtswidrige T\u00e4tigkeit hinweisen. Verpflichtungen zur Entfernung oder Sperrung der Nutzung von Informationen nach den allgemeinen Gesetzen bleiben hiervon unber\u00fchrt. Eine diesbez\u00fcgliche Haftung ist jedoch erst ab dem Zeitpunkt der Kenntnis einer konkreten Rechtsverletzung m\u00f6glich. Bei Bekanntwerden von entsprechenden Rechtsverletzungen werde\u00a0ich diese Inhalte umgehend entfernen.<\/strong><\/p>\n<p>&nbsp;<\/p>\n<p>Haftung f\u00fcr Links:<\/p>\n<p><strong>Mein Angebot enth\u00e4lt Links zu externen Webseiten Dritter, auf deren Inhalte\u00a0ich keinen Einfluss haben. Deshalb\u00a0kann ich\u00a0f\u00fcr diese fremden Inhalte auch keine Gew\u00e4hr \u00fcbernehmen. F\u00fcr die Inhalte der verlinkten Seiten ist stets der jeweilige Anbieter oder Betreiber der Seiten verantwortlich. Die verlinkten Seiten wurden zum Zeitpunkt der Verlinkung auf m\u00f6gliche Rechtsverst\u00f6\u00dfe \u00fcberpr\u00fcft. Rechtswidrige Inhalte waren zum Zeitpunkt der Verlinkung nicht erkennbar. Eine permanente inhaltliche Kontrolle der verlinkten Seiten ist jedoch ohne konkrete Anhaltspunkte einer Rechtsverletzung nicht zumutbar. Bei Bekanntwerden von Rechtsverletzungen werde ich derartige Links umgehend entfernen.<\/strong><\/p>\n<p>&nbsp;<\/p>\n<p><strong>Die durch die Seitenbetreiber erstellten Inhalte und Werke auf diesen Seiten unterliegen dem deutschen Urheberrecht. Die Vervielf\u00e4ltigung, Bearbeitung, Verbreitung und jede Art der Verwertung au\u00dferhalb der Grenzen des Urheberrechtes bed\u00fcrfen der schriftlichen Zustimmung des jeweiligen Autors bzw. Erstellers. Downloads und Kopien dieser Seite sind nur f\u00fcr den privaten, nicht kommerziellen Gebrauch gestattet. Soweit die Inhalte auf dieser Seite nicht vom Betreiber erstellt wurden, werden die Urheberrechte Dritter beachtet. Insbesondere werden Inhalte Dritter als solche gekennzeichnet. Sollten Sie trotzdem auf eine Urheberrechtsverletzung aufmerksam werden, bitte\u00a0ich um einen entsprechenden Hinweis. Bei Bekanntwerden von Rechtsverletzungen werde\u00a0ich derartige Inhalte umgehend entfernen.<\/strong><\/p>\n<p>&nbsp;<\/p>\n<p><strong>Die Nutzung\u00a0meiner Webseite ist in der Regel ohne Angabe personenbezogener Daten m\u00f6glich. Soweit auf\u00a0meinen Seiten personenbezogene Daten (beispielsweise Name, Anschrift oder eMail-Adressen) erhoben werden, erfolgt dies, soweit m\u00f6glich, stets auf freiwilliger Basis. Diese Daten werden ohne Ihre ausdr\u00fcckliche Zustimmung nicht an Dritte weitergegeben.<\/strong><\/p>\n<p>&nbsp;<\/p>\n<p><strong>Ich weise darauf hin, dass die Daten\u00fcbertragung im Internet (z.B. bei der Kommunikation per E-Mail) Sicherheitsl\u00fccken aufweisen kann. Ein l\u00fcckenloser Schutz der Daten vor dem Zugriff durch Dritte ist nicht m\u00f6glich.<\/strong><\/p>\n<p>&nbsp;<\/p>\n<p><strong>Der Nutzung von im Rahmen der Impressumspflicht ver\u00f6ffentlichten Kontaktdaten durch Dritte zur \u00dcbersendung von nicht ausdr\u00fccklich angeforderter Werbung und Informationsmaterialien wird hiermit ausdr\u00fccklich widersprochen. Die Betreiber der Seiten behalten sich ausdr\u00fccklich rechtliche Schritte im Falle der unverlangten Zusendung von Werbeinformationen, etwa durch Spam-Mails, vor.<\/strong><\/p>\n<p>&nbsp;<\/p>\n<p><strong>Quelle:\u00a0<\/strong><strong><a href=\"http:\/\/www.e-recht24.de\/muster-disclaimer.htm\">Disclaimer<\/a>\u00a0<em>von eRecht24, dem Portal zum Internetrecht von\u00a0<\/em><a href=\"http:\/\/www.e-recht24.de\/\">Rechtsanwalt<\/a><em>S\u00f6ren Siebert.<\/em><\/strong><\/p>\n<\/div><\/div><\/div><\/div><\/div><\/div><\/section>\n","protected":false},"excerpt":{"rendered":"Impressum Angaben gem\u00e4\u00df \u00a7 5 TMG: Christine Strobel Hebamme Vogelsangstr.27 75417 M\u00fchlacker- Lomersheim &nbsp; Kontakt: E-Mail:\u00a0tine-strobel@web.de Telefon: 07041\/810723 Aufsichtsbeh\u00f6rde: Gesundheitsamt Pforzheim Berufsbezeichnung: Hebamme Verliehen durch: Bundesrepublik Deutschland Es gelten folgende berufsrechtliche Regelungen: Hebammengesetz Regelungen einsehbar unter:\u00a0http:\/\/www.hebammengesetz.de\/gesetz.htm &nbsp; &nbsp; Haftungsausschluss: Die Inhalte\u00a0meiner Seiten wurden mit gr\u00f6\u00dfter Sorgfalt erstellt. F\u00fcr die Richtigkeit, Vollst\u00e4ndigkeit und Aktualit\u00e4t der Inhalte\u00a0kann...","protected":false},"author":1,"featured_media":0,"parent":0,"menu_order":0,"comment_status":"closed","ping_status":"closed","template":"","meta":[],"_links":{"self":[{"href":"https:\/\/hebammestrobel.de\/index.php?rest_route=\/wp\/v2\/pages\/1565"}],"collection":[{"href":"https:\/\/hebammestrobel.de\/index.php?rest_route=\/wp\/v2\/pages"}],"about":[{"href":"https:\/\/hebammestrobel.de\/index.php?rest_route=\/wp\/v2\/types\/page"}],"author":[{"embeddable":true,"href":"https:\/\/hebammestrobel.de\/index.php?rest_route=\/wp\/v2\/users\/1"}],"replies":[{"embeddable":true,"href":"https:\/\/hebammestrobel.de\/index.php?rest_route=%2Fwp%2Fv2%2Fcomments&post=1565"}],"version-history":[{"count":2,"href":"https:\/\/hebammestrobel.de\/index.php?rest_route=\/wp\/v2\/pages\/1565\/revisions"}],"predecessor-version":[{"id":1567,"href":"https:\/\/hebammestrobel.de\/index.php?rest_route=\/wp\/v2\/pages\/1565\/revisions\/1567"}],"wp:attachment":[{"href":"https:\/\/hebammestrobel.de\/index.php?rest_route=%2Fwp%2Fv2%2Fmedia&parent=1565"}],"curies":[{"name":"wp","href":"https:\/\/api.w.org\/{rel}","templated":true}]}}