{"id":5,"date":"2015-04-14T17:26:12","date_gmt":"2015-04-14T17:26:12","guid":{"rendered":"http:\/\/impreza2.us-themes.com\/?page_id=5"},"modified":"2026-04-03T11:23:18","modified_gmt":"2026-04-03T09:23:18","slug":"home-2","status":"publish","type":"page","link":"https:\/\/hebammestrobel.de\/","title":{"rendered":"Home"},"content":{"rendered":"<section class=\"l-section wpb_row height_medium full_height valign_center color_secondary with_video with_shape\" id=\"none\"><div id=\"us_bg_video_de7e\" class=\"l-section-video\"><script id=\"us_bg_video_de7e-script\">!function(w){var node = document.getElementById( 'us_bg_video_de7e' );if ( w.innerWidth <= 10 ) { node.remove() }}(window);<\/script><style>@media(max-width:10px){#us_bg_video_de7e{display:none!important}}<\/style><video  autoplay loop muted playsinline preload=\"auto\" tabindex=\"-1\"><source type=\"video\/mp4\" src=\"https:\/\/hebammestrobel.de\/wp-content\/uploads\/2022\/02\/Baby.mp4\" \/><\/video><\/div><div class=\"l-section-overlay\" style=\"background:rgba(0,0,0,0.65)\"><\/div><div class=\"l-section-shape type_triangle pos_bottom\" style=\"height:15vmin;\"><svg xmlns=\"http:\/\/www.w3.org\/2000\/svg\" viewBox=\"0 0 64 8\" preserveAspectRatio=\"none\" width=\"100%\" height=\"100%\">\r\n\t<path fill=\"currentColor\" d=\"M64 8 L0 8 L0 0 L32 7.9 L64 0 Z\"\/>\r\n<\/svg><\/div><div class=\"l-section-h i-cf\"><div class=\"g-cols vc_row via_grid cols_1 laptops-cols_inherit tablets-cols_inherit mobiles-cols_1 valign_top type_boxes stacking_default\" style=\"--columns-gap:0rem;\"><div class=\"wpb_column vc_column_container\"><div class=\"vc_column-inner\"><div class=\"w-popup align_none\"><span  class=\"w-popup-trigger type_load\" data-options=\"{&quot;delay&quot;:2}\"><\/span><div class=\"w-popup-overlay\" style=\"background:rgba(0,0,0,0.85);\"><\/div><div class=\"w-popup-wrap layout_default\" role=\"dialog\" aria-modal=\"true\" aria-label=\"Pop-up\" style=\"--title-color:var(--color-content-heading);--title-bg-color:var(--color-content-bg-alt);--content-color:var(--color-content-text);--content-bg-color:var(--color-content-bg);--popup-width:600px;--popup-padding:5%;\"><button aria-label=\"Schlie\u00dfen\" class=\"w-popup-closer\" type=\"button\"><\/button><div class=\"w-popup-box animation_fadeIn closerpos_outside with_title\"><div class=\"w-popup-box-h\"><div class=\"w-popup-box-title\">Achtung<\/div><div class=\"w-popup-box-content\"><p>Bitte beachten Sie, dass ich f\u00fcr Hausbesuche (Nachsorge) bis Mitte Januar 2027\u00a0 keine Kapazit\u00e4t mehr frei habe. Es ist nicht notwendig bis zu diesem Zeitraum weitere Anfragen zu stellen.<\/p>\n<\/div><\/div><\/div><\/div><\/div><h1 class=\"w-text us_custom_ac5af9d5 has_text_color\"><span class=\"w-text-h\"><span class=\"w-text-value\">Hebamme<\/span><\/span><\/h1><h1 class=\"w-text us_custom_f422bcb5\"><span class=\"w-text-h\"><span class=\"w-text-value\">Christine Strobel<\/span><\/span><\/h1><div class=\"w-separator size_small\"><\/div><div class=\"w-hwrapper valign_middle wrap align_center\"><div class=\"w-btn-wrapper align_none\"><a class=\"w-btn us-btn-style_1\" href=\"#home\"><span class=\"w-btn-label\">mehr erfahren<\/span><\/a><\/div><\/div><\/div><\/div><\/div><\/div><\/section><section class=\"l-section wpb_row us_custom_f1284f81 height_auto full_height valign_center width_full\" id=\"home\"><div class=\"l-section-h i-cf\"><div class=\"g-cols vc_row via_grid cols_2 laptops-cols_inherit tablets-cols_inherit mobiles-cols_1 valign_top type_boxes reversed stacking_default\" style=\"--columns-gap:0rem;\"><div class=\"wpb_column vc_column_container us_custom_60e9caca us_animate_this\"><div class=\"vc_column-inner\"><div class=\"w-image has_ratio align_center\"><div class=\"w-image-h\"><div style=\"padding-bottom:75%\"><\/div><img width=\"1024\" height=\"683\" src=\"https:\/\/hebammestrobel.de\/wp-content\/uploads\/2022\/03\/welcome-1024x683.jpg\" class=\"attachment-large size-large\" alt=\"\" decoding=\"async\" loading=\"lazy\" \/><\/div><\/div><\/div><\/div><div class=\"wpb_column vc_column_container\"><div class=\"vc_column-inner\"><div class=\"wpb_text_column\"><div class=\"wpb_wrapper\"><h2 style=\"text-align: center;\"><span class=\"highlight highlight_primary\">Herzlich Willkommen<\/span> auf meiner Internetseite!<\/h2>\n<h5 style=\"text-align: center;\">Schwangerschaft und Geburt sind einschneidende und sehr nachhaltige Erfahrungen f\u00fcr eine Frau. Da ist eine kompetente und vertrauensvolle Unterst\u00fctzung besonders wichtig. Einf\u00fchlsam und erfahren gehe ich auf die ganz individuellen Bed\u00fcrfnisse und W\u00fcnsche der Schwangeren bzw. Geb\u00e4renden und ihres Partners ein.<br \/>\nAuf meiner Internetseiten erfahren Sie alles rund um Schwangerschaft, Geburt und die erste Zeit mit Ihrem Baby. Ich biete neben der Begleitung durch die Schwangerschaft auch Geburtsvorbereitungskurse, Akupunktur, Nachsorge, Stillberatung, R\u00fcckbildungs- und Babymassagekurse an. Ebenso das Tupler Technik Trainingsprogramm bei Rektusdiastase, aufbauende R\u00fcckbildungsgymnastik (als Folgekurse nach der R\u00fcckbildung) und Beckenboden Kurse f\u00fcr Frauen jeden Alters.<\/h5>\n<h5 style=\"text-align: center;\">Die meisten Leistungen werden von den Krankenkassen \u00fcbernommen. Wo dies nicht der Fall ist, weise ich Sie gesondert darauf hin.<\/h5>\n<h5 style=\"text-align: center;\">Bitte beachten Sie dass ich Hausbesuche nur f\u00fcr Frauen \u00fcbernehme, die auch in meinem Geburtsvorbereitungskurs waren oder schon mal von mir betreut wurden!<\/h5>\n<\/div><\/div><div class=\"g-cols wpb_row via_grid cols_1 laptops-cols_inherit tablets-cols_inherit mobiles-cols_1 valign_middle type_default stacking_default\" style=\"--columns-gap:3rem;\"><div class=\"wpb_column vc_column_container\"><div class=\"vc_column-inner\"><\/div><\/div><\/div><\/div><\/div><\/div><\/div><\/section><section class=\"l-section wpb_row us_custom_f1284f81 height_auto width_full\" id=\"ueber\"><div class=\"l-section-h i-cf\"><div class=\"g-cols vc_row via_grid cols_2 laptops-cols_inherit tablets-cols_inherit mobiles-cols_1 valign_top type_boxes reversed stacking_default\" style=\"--columns-gap:0rem;\"><div class=\"wpb_column vc_column_container us_custom_60e9caca us_animate_this\"><div class=\"vc_column-inner\"><div class=\"wpb_text_column\"><div class=\"wpb_wrapper\"><h2 style=\"text-align: center;\"><span class=\"highlight highlight_primary\">\u00fcber<\/span> mich<\/h2>\n<h5 style=\"text-align: center;\">Vor meiner Ausbildung zur Hebamme hab ich den Beruf der Arzthelferin erlernt. In direktem Anschluss, 2000-2003, hatte ich das Gl\u00fcck meinen Wunschberuf in der St\u00e4dtischen Frauenklinik in Stuttgart zu erlernen. Als frisch examinierte Hebamme arbeitete ich zun\u00e4chst im St\u00e4dtischen Klinikum in Pforzheim ( jetzt Helios Klinikum) und von April 2004 &#8211; Juni 2015 in den Enzkreis Kliniken M\u00fchlacker. Als freiberufliche Hebamme arbeite ich, in M\u00fchlacker und Umgebung, mit viel Freude und Elan in den Bereichen:<\/h5>\n<h5 style=\"text-align: center;\">Schwangerschaftsvorsorge<br \/>\nGeburtsvorbereitungskurse<br \/>\nNachsorge<br \/>\nR\u00fcckbildungsgymnastik<br \/>\nAufbauende R\u00fcckbildungsgymnastik<br \/>\nAkupunktur<br \/>\nBabymassage<br \/>\nBeckenboden Kurse<br \/>\nTupler Technik<\/h5>\n<h5 style=\"text-align: center;\">Gerne begleite ich auch Sie in dieser ganz besonderen Zeit!<br \/>\nNachsorgen biete ich\u00a0 nur f\u00fcr\u00a0 Frauen an, die in meinem Geburtsvorbereitungskurs waren oder schon mal von mir betreut wurden.<\/h5>\n<\/div><\/div><\/div><\/div><div class=\"wpb_column vc_column_container\"><div class=\"vc_column-inner\"><div class=\"g-cols wpb_row via_grid cols_1 laptops-cols_inherit tablets-cols_inherit mobiles-cols_1 valign_middle type_default stacking_default\" style=\"--columns-gap:3rem;\"><div class=\"wpb_column vc_column_container\"><div class=\"vc_column-inner\"><div class=\"w-image has_ratio align_center\"><div class=\"w-image-h\"><div style=\"padding-bottom:75%\"><\/div><img width=\"1024\" height=\"684\" src=\"https:\/\/hebammestrobel.de\/wp-content\/uploads\/2022\/02\/ich-1024x684.jpg\" class=\"attachment-large size-large\" alt=\"\" decoding=\"async\" loading=\"lazy\" \/><\/div><\/div><\/div><\/div><\/div><\/div><\/div><\/div><\/div><\/section><section class=\"l-section wpb_row us_custom_0d6a10de height_small color_alternate\" id=\"leistungen\"><div class=\"l-section-overlay\" style=\"background:#ffe8b8\"><\/div><div class=\"l-section-h i-cf\"><div class=\"g-cols vc_row via_grid cols_1 laptops-cols_inherit tablets-cols_inherit mobiles-cols_1 valign_top type_boxes reversed stacking_default\"><div class=\"wpb_column vc_column_container us_custom_60e9caca us_animate_this\"><div class=\"vc_column-inner\"><div class=\"g-cols wpb_row via_grid cols_1 laptops-cols_inherit tablets-cols_inherit mobiles-cols_1 valign_top type_boxes reversed stacking_default\" style=\"--columns-gap:3rem;\"><div class=\"wpb_column vc_column_container\"><div class=\"vc_column-inner\"><div class=\"wpb_text_column\"><div class=\"wpb_wrapper\"><h2 style=\"text-align: center;\"><span class=\"highlight highlight_primary\">Meine<\/span> <span style=\"color: #1a1a1a;\">Leistungen<\/span><\/h2>\n<\/div><\/div><\/div><\/div><\/div><div class=\"g-cols wpb_row hide_on_tablets hide_on_mobiles via_grid cols_2 laptops-cols_inherit tablets-cols_inherit mobiles-cols_1 valign_top type_boxes reversed stacking_default\" style=\"--columns-gap:3rem;\"><div class=\"wpb_column vc_column_container\"><div class=\"vc_column-inner\"><div class=\"w-iconbox us_custom_6df4bc3a has_text_color iconpos_left style_circle color_primary align_none no_text\"><a title=\"Vorsorge\" href=\"https:\/\/www.hebammestrobel.de\/?page_id=1452\" class=\"w-iconbox-link\" aria-label=\"Schwangerschaftsvorsorge\"><div class=\"w-iconbox-icon\" style=\"font-size:2rem;\"><i class=\"far fa-head-side-medical\"><\/i><\/div><\/a><div class=\"w-iconbox-meta\"><h5 class=\"w-iconbox-title\"><a title=\"Vorsorge\" href=\"https:\/\/www.hebammestrobel.de\/?page_id=1452\" class=\"w-iconbox-link\" aria-label=\"Schwangerschaftsvorsorge\">Schwangerschaftsvorsorge<\/a><\/h5><\/div><\/div><div class=\"w-iconbox us_custom_6df4bc3a has_text_color iconpos_left style_circle color_primary align_none no_text\"><a title=\"Nachsorge\" href=\"https:\/\/www.hebammestrobel.de\/?page_id=1524\" class=\"w-iconbox-link\" aria-label=\"Nachsorge\"><div class=\"w-iconbox-icon\" style=\"font-size:2rem;\"><i class=\"far fa-hand-holding-medical\"><\/i><\/div><\/a><div class=\"w-iconbox-meta\"><h5 class=\"w-iconbox-title\"><a title=\"Nachsorge\" href=\"https:\/\/www.hebammestrobel.de\/?page_id=1524\" class=\"w-iconbox-link\" aria-label=\"Nachsorge\">Nachsorge<\/a><\/h5><\/div><\/div><div class=\"w-iconbox us_custom_8da166ea has_text_color iconpos_left style_circle color_primary align_none no_text\"><a title=\"Rueckbildungsgymnastik\" href=\"https:\/\/www.hebammestrobel.de\/?page_id=1592\" class=\"w-iconbox-link\" aria-label=\"R\u00fcckbildungsgymnastik\"><div class=\"w-iconbox-icon\" style=\"font-size:2rem;\"><i class=\"far fa-universal-access\"><\/i><\/div><\/a><div class=\"w-iconbox-meta\"><h5 class=\"w-iconbox-title\"><a title=\"Rueckbildungsgymnastik\" href=\"https:\/\/www.hebammestrobel.de\/?page_id=1592\" class=\"w-iconbox-link\" aria-label=\"R\u00fcckbildungsgymnastik\">R\u00fcckbildungsgymnastik<\/a><\/h5><\/div><\/div><div class=\"w-iconbox us_custom_6df4bc3a has_text_color iconpos_left style_circle color_primary align_none no_text\"><a title=\"Aufbauende Rueckbildungsgymnastik\" href=\"https:\/\/www.hebammestrobel.de\/?page_id=1560\" class=\"w-iconbox-link\" aria-label=\"Beckenboden Kurs\"><div class=\"w-iconbox-icon\" style=\"font-size:2rem;\"><i class=\"far fa-transporter\"><\/i><\/div><\/a><div class=\"w-iconbox-meta\"><h5 class=\"w-iconbox-title\"><a title=\"Aufbauende Rueckbildungsgymnastik\" href=\"https:\/\/www.hebammestrobel.de\/?page_id=1560\" class=\"w-iconbox-link\" aria-label=\"Beckenboden Kurs\">Beckenboden Kurs<\/a><\/h5><\/div><\/div><\/div><\/div><div class=\"wpb_column vc_column_container\"><div class=\"vc_column-inner\"><div class=\"w-iconbox us_custom_2a1b7466 has_text_color iconpos_left style_circle color_primary align_none no_text\"><a title=\"Schwangerschaftsvorsorge\" href=\"https:\/\/www.hebammestrobel.de\/?page_id=1517\" class=\"w-iconbox-link\" aria-label=\"Geburtsvorbereitung\"><div class=\"w-iconbox-icon\" style=\"font-size:2rem;\"><i class=\"far fa-baby\"><\/i><\/div><\/a><div class=\"w-iconbox-meta\"><h5 class=\"w-iconbox-title\"><a title=\"Schwangerschaftsvorsorge\" href=\"https:\/\/www.hebammestrobel.de\/?page_id=1517\" class=\"w-iconbox-link\" aria-label=\"Geburtsvorbereitung\">Geburtsvorbereitung<\/a><\/h5><\/div><\/div><div class=\"w-iconbox us_custom_2a1b7466 has_text_color iconpos_left style_circle color_primary align_none no_text\"><a title=\"Schwangerschaftsvorsorge\" href=\"https:\/\/www.hebammestrobel.de\/?page_id=1651\" class=\"w-iconbox-link\" aria-label=\"Babymassage\"><div class=\"w-iconbox-icon\" style=\"font-size:2rem;\"><i class=\"far fa-spa\"><\/i><\/div><\/a><div class=\"w-iconbox-meta\"><h5 class=\"w-iconbox-title\"><a title=\"Schwangerschaftsvorsorge\" href=\"https:\/\/www.hebammestrobel.de\/?page_id=1651\" class=\"w-iconbox-link\" aria-label=\"Babymassage\">Babymassage<\/a><\/h5><\/div><\/div><div class=\"w-iconbox us_custom_6df4bc3a has_text_color iconpos_left style_circle color_primary align_none no_text\"><a title=\"Aufbauende Rueckbildungsgymnastik\" href=\"https:\/\/www.hebammestrobel.de\/?page_id=1549\" class=\"w-iconbox-link\" aria-label=\"Aufbauende R\u00fcckbildung\"><div class=\"w-iconbox-icon\" style=\"font-size:2rem;\"><i class=\"far fa-transporter\"><\/i><\/div><\/a><div class=\"w-iconbox-meta\"><h5 class=\"w-iconbox-title\"><a title=\"Aufbauende Rueckbildungsgymnastik\" href=\"https:\/\/www.hebammestrobel.de\/?page_id=1549\" class=\"w-iconbox-link\" aria-label=\"Aufbauende R\u00fcckbildung\">Aufbauende R\u00fcckbildung<\/a><\/h5><\/div><\/div><div class=\"w-iconbox us_custom_6df4bc3a has_text_color iconpos_left style_circle color_primary align_none no_text\"><a title=\"Geburtsvorbereitende Akupunktur\" href=\"https:\/\/www.hebammestrobel.de\/?page_id=1605\" class=\"w-iconbox-link\" aria-label=\"Geburtsvorbereitende Akupunktur\"><div class=\"w-iconbox-icon\" style=\"font-size:2rem;\"><i class=\"material-icons\">workspaces<\/i><\/div><\/a><div class=\"w-iconbox-meta\"><h5 class=\"w-iconbox-title\"><a title=\"Geburtsvorbereitende Akupunktur\" href=\"https:\/\/www.hebammestrobel.de\/?page_id=1605\" class=\"w-iconbox-link\" aria-label=\"Geburtsvorbereitende Akupunktur\">Geburtsvorbereitende Akupunktur<\/a><\/h5><\/div><\/div><\/div><\/div><\/div><div class=\"g-cols wpb_row hide_on_default hide_on_laptops via_grid cols_1 laptops-cols_inherit tablets-cols_inherit mobiles-cols_1 valign_top type_default reversed stacking_default\" style=\"--columns-gap:3rem;\"><div class=\"wpb_column vc_column_container stretched\"><div class=\"vc_column-inner\"><div class=\"w-iconbox us_custom_6df4bc3a has_text_color iconpos_left style_circle color_primary align_none no_text\"><a title=\"Vorsorge\" href=\"https:\/\/www.hebammestrobel.de\/?page_id=1452\" class=\"w-iconbox-link\" aria-label=\"Schwangerschaftsvorsorge\"><div class=\"w-iconbox-icon\" style=\"font-size:2rem;\"><i class=\"far fa-head-side-medical\"><\/i><\/div><\/a><div class=\"w-iconbox-meta\"><h5 class=\"w-iconbox-title\"><a title=\"Vorsorge\" href=\"https:\/\/www.hebammestrobel.de\/?page_id=1452\" class=\"w-iconbox-link\" aria-label=\"Schwangerschaftsvorsorge\">Schwangerschaftsvorsorge<\/a><\/h5><\/div><\/div><div class=\"w-iconbox us_custom_6df4bc3a has_text_color iconpos_left style_circle color_primary align_none no_text\"><a title=\"Nachsorge\" href=\"https:\/\/www.hebammestrobel.de\/?page_id=1524\" class=\"w-iconbox-link\" aria-label=\"Nachsorge\"><div class=\"w-iconbox-icon\" style=\"font-size:2rem;\"><i class=\"far fa-hand-holding-medical\"><\/i><\/div><\/a><div class=\"w-iconbox-meta\"><h5 class=\"w-iconbox-title\"><a title=\"Nachsorge\" href=\"https:\/\/www.hebammestrobel.de\/?page_id=1524\" class=\"w-iconbox-link\" aria-label=\"Nachsorge\">Nachsorge<\/a><\/h5><\/div><\/div><div class=\"w-iconbox us_custom_8da166ea has_text_color iconpos_left style_circle color_primary align_none no_text\"><a title=\"Rueckbildungsgymnastik\" href=\"https:\/\/www.hebammestrobel.de\/?page_id=1592\" class=\"w-iconbox-link\" aria-label=\"R\u00fcckbildungsgymnastik\"><div class=\"w-iconbox-icon\" style=\"font-size:2rem;\"><i class=\"far fa-universal-access\"><\/i><\/div><\/a><div class=\"w-iconbox-meta\"><h5 class=\"w-iconbox-title\"><a title=\"Rueckbildungsgymnastik\" href=\"https:\/\/www.hebammestrobel.de\/?page_id=1592\" class=\"w-iconbox-link\" aria-label=\"R\u00fcckbildungsgymnastik\">R\u00fcckbildungsgymnastik<\/a><\/h5><\/div><\/div><div class=\"w-iconbox us_custom_6df4bc3a has_text_color iconpos_left style_circle color_primary align_none no_text\"><a title=\"Aufbauende Rueckbildungsgymnastik\" href=\"https:\/\/www.hebammestrobel.de\/?page_id=1560\" class=\"w-iconbox-link\" aria-label=\"Beckenboden Kurs\"><div class=\"w-iconbox-icon\" style=\"font-size:2rem;\"><i class=\"far fa-transporter\"><\/i><\/div><\/a><div class=\"w-iconbox-meta\"><h5 class=\"w-iconbox-title\"><a title=\"Aufbauende Rueckbildungsgymnastik\" href=\"https:\/\/www.hebammestrobel.de\/?page_id=1560\" class=\"w-iconbox-link\" aria-label=\"Beckenboden Kurs\">Beckenboden Kurs<\/a><\/h5><\/div><\/div><div class=\"w-iconbox us_custom_2a1b7466 has_text_color iconpos_left style_circle color_primary align_none no_text\"><a title=\"Schwangerschaftsvorsorge\" href=\"https:\/\/www.hebammestrobel.de\/?page_id=1517\" class=\"w-iconbox-link\" aria-label=\"Geburtsvorbereitung\"><div class=\"w-iconbox-icon\" style=\"font-size:2rem;\"><i class=\"far fa-baby\"><\/i><\/div><\/a><div class=\"w-iconbox-meta\"><h5 class=\"w-iconbox-title\"><a title=\"Schwangerschaftsvorsorge\" href=\"https:\/\/www.hebammestrobel.de\/?page_id=1517\" class=\"w-iconbox-link\" aria-label=\"Geburtsvorbereitung\">Geburtsvorbereitung<\/a><\/h5><\/div><\/div><div class=\"w-iconbox us_custom_2a1b7466 has_text_color iconpos_left style_circle color_primary align_none no_text\"><a title=\"Schwangerschaftsvorsorge\" href=\"https:\/\/www.hebammestrobel.de\/?page_id=1651\" class=\"w-iconbox-link\" aria-label=\"Babymassage\"><div class=\"w-iconbox-icon\" style=\"font-size:2rem;\"><i class=\"far fa-spa\"><\/i><\/div><\/a><div class=\"w-iconbox-meta\"><h5 class=\"w-iconbox-title\"><a title=\"Schwangerschaftsvorsorge\" href=\"https:\/\/www.hebammestrobel.de\/?page_id=1651\" class=\"w-iconbox-link\" aria-label=\"Babymassage\">Babymassage<\/a><\/h5><\/div><\/div><div class=\"w-iconbox us_custom_6df4bc3a has_text_color iconpos_left style_circle color_primary align_none no_text\"><a title=\"Aufbauende Rueckbildungsgymnastik\" href=\"https:\/\/www.hebammestrobel.de\/?page_id=1549\" class=\"w-iconbox-link\" aria-label=\"Aufbauende R\u00fcckbildung\"><div class=\"w-iconbox-icon\" style=\"font-size:2rem;\"><i class=\"far fa-transporter\"><\/i><\/div><\/a><div class=\"w-iconbox-meta\"><h5 class=\"w-iconbox-title\"><a title=\"Aufbauende Rueckbildungsgymnastik\" href=\"https:\/\/www.hebammestrobel.de\/?page_id=1549\" class=\"w-iconbox-link\" aria-label=\"Aufbauende R\u00fcckbildung\">Aufbauende R\u00fcckbildung<\/a><\/h5><\/div><\/div><div class=\"w-iconbox us_custom_6df4bc3a has_text_color iconpos_left style_circle color_primary align_none no_text\"><a title=\"Geburtsvorbereitende Akupunktur\" href=\"https:\/\/www.hebammestrobel.de\/?page_id=1605\" class=\"w-iconbox-link\" aria-label=\"Geburtsvorbereitende Akupunktur\"><div class=\"w-iconbox-icon\" style=\"font-size:2rem;\"><i class=\"material-icons\">workspaces<\/i><\/div><\/a><div class=\"w-iconbox-meta\"><h5 class=\"w-iconbox-title\"><a title=\"Geburtsvorbereitende Akupunktur\" href=\"https:\/\/www.hebammestrobel.de\/?page_id=1605\" class=\"w-iconbox-link\" aria-label=\"Geburtsvorbereitende Akupunktur\">Geburtsvorbereitende Akupunktur<\/a><\/h5><\/div><\/div><\/div><\/div><\/div><\/div><\/div><\/div><\/div><\/section><section class=\"l-section wpb_row us_custom_ba8e023c height_medium full_height valign_center color_secondary with_img with_shape\" id=\"kontakt\"><div class=\"l-section-img\" role=\"img\" aria-label=\"Bild\" data-img-width=\"2560\" data-img-height=\"1707\" style=\"background-image: url(https:\/\/hebammestrobel.de\/wp-content\/uploads\/2022\/03\/phone-scaled.jpg);background-repeat: no-repeat;\"><\/div><div class=\"l-section-overlay\" style=\"background:rgba(0,0,0,0.49)\"><\/div><div class=\"l-section-shape type_triangle pos_bottom\" style=\"height:15vmin;color:var(--color-footer-bg)\"><svg xmlns=\"http:\/\/www.w3.org\/2000\/svg\" viewBox=\"0 0 64 8\" preserveAspectRatio=\"none\" width=\"100%\" height=\"100%\">\r\n\t<path fill=\"currentColor\" d=\"M64 8 L0 8 L0 0 L32 7.9 L64 0 Z\"\/>\r\n<\/svg><\/div><div class=\"l-section-h i-cf\"><div class=\"g-cols vc_row via_grid cols_1 laptops-cols_inherit tablets-cols_inherit mobiles-cols_1 valign_top type_default stacking_default\"><div class=\"wpb_column vc_column_container us_custom_60e9caca us_animate_this\"><div class=\"vc_column-inner\"><div class=\"wpb_text_column\"><div class=\"wpb_wrapper\"><h2 style=\"text-align: center;\">Kontakt<\/h2>\n<\/div><\/div><div class=\"w-separator size_medium\"><\/div><div class=\"g-cols wpb_row via_grid cols_2 laptops-cols_inherit tablets-cols_inherit mobiles-cols_1 valign_top type_default stacking_default\" style=\"--columns-gap:3rem;\"><div class=\"wpb_column vc_column_container us_custom_60e9caca us_animate_this\"><div class=\"vc_column-inner\"><div class=\"wpb_text_column\"><div class=\"wpb_wrapper\"><p>Wenn Sie mehr erfahren wollen, oder Fragen haben, kontaktieren Sie mich gerne.<\/p>\n<\/div><\/div><div class=\"w-separator size_large\"><\/div><div class=\"w-iconbox iconpos_left style_circle color_primary align_left no_text\"><div class=\"w-iconbox-icon\" style=\"font-size:1.2rem;\"><i class=\"far fa-phone\"><\/i><\/div><div class=\"w-iconbox-meta\"><h3 class=\"w-iconbox-title\">07041 810723<\/h3><\/div><\/div><div class=\"w-separator size_small\"><\/div><div class=\"w-iconbox iconpos_left style_circle color_primary align_left no_text\"><div class=\"w-iconbox-icon\" style=\"font-size:1.2rem;\"><i class=\"far fa-envelope\"><\/i><\/div><div class=\"w-iconbox-meta\"><h3 class=\"w-iconbox-title\">tine-strobel@web.de<\/h3><\/div><\/div><\/div><\/div><div class=\"wpb_column vc_column_container us_custom_60e9caca us_animate_this\"><div class=\"vc_column-inner\"><form class=\"w-form  us-field-style_1 layout_ver show_message_after_sending for_cform us_form_1\" action=\"https:\/\/hebammestrobel.de\/index.php?rest_route=%2Fwp%2Fv2%2Fpages%2F5\" method=\"post\"><div class=\"w-form-h\"><div class=\"w-form-row for_text with_icon cols_2\">\r\n\t\t<div class=\"w-form-row-field\">\r\n\t\t\t\t<i class=\"far fa-user\"><\/i>\t\t<input aria-label=\"Name\" type=\"text\" name=\"us_form_1_text_1\" value placeholder=\"Name\"\/>\r\n\t\t\t<\/div>\r\n\t\t<div class=\"w-form-row-state\">Bitte f\u00fcllen Sie dieses Feld aus.<\/div>\r\n<\/div>\r\n<div class=\"w-form-row for_text required with_icon cols_2\">\r\n\t\t<div class=\"w-form-row-field\">\r\n\t\t\t\t<i class=\"far fa-at\"><\/i>\t\t<input aria-label=\"Email\" type=\"text\" name=\"us_form_1_text_2\" value placeholder=\"Email *\" data-required=\"true\" aria-required=\"true\"\/>\r\n\t\t\t<\/div>\r\n\t\t<div class=\"w-form-row-state\">Bitte f\u00fcllen Sie dieses Feld aus.<\/div>\r\n<\/div>\r\n<div class=\"w-form-row for_text required with_icon\">\r\n\t\t<div class=\"w-form-row-field\">\r\n\t\t\t\t<i class=\"fas fa-phone\"><\/i>\t\t<input aria-label=\"Telefonnummer\" type=\"text\" name=\"us_form_1_text_3\" value placeholder=\"Telefonnummer *\" data-required=\"true\" aria-required=\"true\"\/>\r\n\t\t\t<\/div>\r\n\t\t<div class=\"w-form-row-state\">Bitte f\u00fcllen Sie dieses Feld aus.<\/div>\r\n<\/div>\r\n<div class=\"w-form-row for_textarea required with_icon\">\r\n\t\t<div class=\"w-form-row-field\">\r\n\t\t\t\t<i class=\"far fa-pencil\"><\/i>\t\t<textarea aria-label=\"Message\" name=\"us_form_1_textarea_1\" placeholder=\"Message *\" data-required=\"true\" aria-required=\"true\"><\/textarea>\r\n\t\t\t<\/div>\r\n\t\t<div class=\"w-form-row-state\">Bitte f\u00fcllen Sie dieses Feld aus.<\/div>\r\n<\/div>\r\n<input type=\"hidden\" name=\"action\" value=\"us_ajax_cform\" \/>\r\n<input type=\"hidden\" name=\"post_id\" value=\"0\" \/>\r\n<input type=\"hidden\" name=\"form_index\" value=\"1\" \/>\r\n<div class=\"w-form-row for_submit align_none\">\r\n\t<button class=\"w-btn  us-btn-style_1\" aria-label=\"Nachricht abschicken\" type=\"submit\">\r\n\t\t<span class=\"g-preloader type_1\"><\/span>\r\n\t\t\t\t<span class=\"w-btn-label\">Nachricht abschicken<\/span>\r\n\t\t\t<\/button>\r\n\t<\/div>\r\n<\/div><div class=\"w-form-message\"><\/div><div class=\"w-form-json hidden\" onclick='return {&quot;ajaxurl&quot;:&quot;https:\\\/\\\/hebammestrobel.de\\\/wp-admin\\\/admin-ajax.php&quot;,&quot;messages&quot;:{&quot;err_empty&quot;:&quot;Bitte f\\u00fcllen Sie dieses Feld aus.&quot;,&quot;err_size&quot;:&quot;Die Dateigr\\u00f6\\u00dfe darf %s MB nicht \\u00fcberschreiten&quot;,&quot;err_extension&quot;:&quot;Dateityp %s ist nicht zul\\u00e4ssig&quot;,&quot;err_recaptcha_keys&quot;:&quot;reCAPTCHA-Schl\\u00fcssel sind fehlerhaft&quot;}}'><\/div><\/form><\/div><\/div><\/div><div class=\"w-separator size_medium\"><\/div><div class=\"wpb_text_column\"><div class=\"wpb_wrapper\"><p style=\"text-align: center;\"><a href=\"https:\/\/hebammestrobel.de\/?page_id=1565\">Impressum<\/a><\/p>\n<\/div><\/div><div class=\"wpb_text_column\"><div class=\"wpb_wrapper\"><p style=\"text-align: center;\"><a href=\"https:\/\/hebammestrobel.de\/?page_id=1980\">AVB<\/a><\/p>\n<\/div><\/div><\/div><\/div><\/div><\/div><\/section>\n","protected":false},"excerpt":{"rendered":"AchtungBitte beachten Sie, dass ich f\u00fcr Hausbesuche (Nachsorge) bis Mitte Januar 2027\u00a0 keine Kapazit\u00e4t mehr frei habe. Es ist nicht notwendig bis zu diesem Zeitraum weitere Anfragen zu stellen. HebammeChristine Strobelmehr erfahrenHerzlich Willkommen auf meiner Internetseite! Schwangerschaft und Geburt sind einschneidende und sehr nachhaltige Erfahrungen f\u00fcr eine Frau. Da ist eine kompetente und vertrauensvolle Unterst\u00fctzung...","protected":false},"author":1,"featured_media":0,"parent":0,"menu_order":0,"comment_status":"closed","ping_status":"closed","template":"","meta":[],"_links":{"self":[{"href":"https:\/\/hebammestrobel.de\/index.php?rest_route=\/wp\/v2\/pages\/5"}],"collection":[{"href":"https:\/\/hebammestrobel.de\/index.php?rest_route=\/wp\/v2\/pages"}],"about":[{"href":"https:\/\/hebammestrobel.de\/index.php?rest_route=\/wp\/v2\/types\/page"}],"author":[{"embeddable":true,"href":"https:\/\/hebammestrobel.de\/index.php?rest_route=\/wp\/v2\/users\/1"}],"replies":[{"embeddable":true,"href":"https:\/\/hebammestrobel.de\/index.php?rest_route=%2Fwp%2Fv2%2Fcomments&post=5"}],"version-history":[{"count":279,"href":"https:\/\/hebammestrobel.de\/index.php?rest_route=\/wp\/v2\/pages\/5\/revisions"}],"predecessor-version":[{"id":2097,"href":"https:\/\/hebammestrobel.de\/index.php?rest_route=\/wp\/v2\/pages\/5\/revisions\/2097"}],"wp:attachment":[{"href":"https:\/\/hebammestrobel.de\/index.php?rest_route=%2Fwp%2Fv2%2Fmedia&parent=5"}],"curies":[{"name":"wp","href":"https:\/\/api.w.org\/{rel}","templated":true}]}}